{"id":169,"date":"2011-10-22T10:25:40","date_gmt":"2011-10-22T08:25:40","guid":{"rendered":"http:\/\/dekoersvangils.nl\/?page_id=169"},"modified":"2012-04-12T08:57:46","modified_gmt":"2012-04-12T06:57:46","slug":"antoine-van-gils","status":"publish","type":"page","link":"https:\/\/dekoersvangils.nl\/?page_id=169","title":{"rendered":"Antoine van Gils"},"content":{"rendered":"<p><a href=\"https:\/\/dekoersvangils.nl\/wp-content\/uploads\/2011\/10\/DeKoersvanGils.jpg\"><img loading=\"lazy\" decoding=\"async\" src=\"https:\/\/dekoersvangils.nl\/wp-content\/uploads\/2011\/10\/DeKoersvanGils-300x201.jpg\" alt=\"\" title=\"Antoine van Gils\" width=\"300\" height=\"201\" class=\"alignright size-medium wp-image-182\" srcset=\"https:\/\/dekoersvangils.nl\/wp-content\/uploads\/2011\/10\/DeKoersvanGils-300x201.jpg 300w, https:\/\/dekoersvangils.nl\/wp-content\/uploads\/2011\/10\/DeKoersvanGils-200x134.jpg 200w, https:\/\/dekoersvangils.nl\/wp-content\/uploads\/2011\/10\/DeKoersvanGils.jpg 600w\" sizes=\"auto, (max-width: 300px) 100vw, 300px\" \/><\/a>Aan ervaring geen gebrek. Antoine, directeur van De Koers van Gils, werkt al ruim twintig jaar in de financi\u00eble sector. Zo was hij jarenlang hoofdverantwoordelijk voor de financi\u00eble zaken van het motormerk Aprilia in Europa. Hoe leuk dat ook was, vijf jaar geleden besloot hij zich te storten op datgene waar zijn hart ligt: \u00e9\u00e9n op \u00e9\u00e9n werken met ondernemers. Antoine wil graag iets betekenen voor een ondernemer en staat dan ook aan de kant van de klant. Zoals het hoort, vindt hij. Op zoek naar kansen, praten in duidelijke taal en altijd het juiste beeld geven van de stand van zaken.<\/p>\n<p>Het is wel zo fijn dat de klant precies weet waar hij aan toe is en daarom geeft Antoine helder advies. Van belastingadvies tot advies over zelfstandig ondernemen en personeel aantrekken. Geen middenweg, maar een richting. De financi\u00eble koers die past bij een onderneming. Antoine\u02bcs betrokkenheid gaat daarin ver, hij houdt niet van half werk en zoekt proactief naar oplossingen. Het doel is dat de klant met een gerust hart zijn financi\u00eble zaken uit handen geeft, kan vertrouwen op een optimale boekhouding en een compleet financieel overzicht waarop goede afwegingen voor de toekomst gemaakt kunnen worden. <\/p>\n<p>Antoine van Gils, veertig jaar, opgegroeid met schepen en water, uiteindelijk gevestigd op het West-Brabantse platteland, een betrokken, harde werker, die ook met volle teugen geniet van het gezinsleven. Antoine is pragmatisch, volhardend en maakt ingewikkelde zaken weer inzichtelijk. Een fijne gesprekspartner, maar meer dan dat, een financieel adviseur die oog heeft voor een onderneming. Antoine is recht door zee, de kracht van De Koers van Gils.<\/p>\n","protected":false},"excerpt":{"rendered":"<p>Aan ervaring geen gebrek. Antoine, directeur van De Koers van Gils, werkt al ruim twintig jaar in de financi\u00eble sector. Zo was hij jarenlang hoofdverantwoordelijk voor de financi\u00eble zaken van het motormerk Aprilia in Europa. &#8230;<\/p>\n","protected":false},"author":1,"featured_media":0,"parent":2,"menu_order":0,"comment_status":"open","ping_status":"open","template":"","meta":{"footnotes":""},"class_list":["post-169","page","type-page","status-publish","hentry"],"_links":{"self":[{"href":"https:\/\/dekoersvangils.nl\/index.php?rest_route=\/wp\/v2\/pages\/169","targetHints":{"allow":["GET"]}}],"collection":[{"href":"https:\/\/dekoersvangils.nl\/index.php?rest_route=\/wp\/v2\/pages"}],"about":[{"href":"https:\/\/dekoersvangils.nl\/index.php?rest_route=\/wp\/v2\/types\/page"}],"author":[{"embeddable":true,"href":"https:\/\/dekoersvangils.nl\/index.php?rest_route=\/wp\/v2\/users\/1"}],"replies":[{"embeddable":true,"href":"https:\/\/dekoersvangils.nl\/index.php?rest_route=%2Fwp%2Fv2%2Fcomments&post=169"}],"version-history":[{"count":14,"href":"https:\/\/dekoersvangils.nl\/index.php?rest_route=\/wp\/v2\/pages\/169\/revisions"}],"predecessor-version":[{"id":183,"href":"https:\/\/dekoersvangils.nl\/index.php?rest_route=\/wp\/v2\/pages\/169\/revisions\/183"}],"up":[{"embeddable":true,"href":"https:\/\/dekoersvangils.nl\/index.php?rest_route=\/wp\/v2\/pages\/2"}],"wp:attachment":[{"href":"https:\/\/dekoersvangils.nl\/index.php?rest_route=%2Fwp%2Fv2%2Fmedia&parent=169"}],"curies":[{"name":"wp","href":"https:\/\/api.w.org\/{rel}","templated":true}]}}